{"id":694,"date":"2026-02-13T17:00:01","date_gmt":"2026-02-13T15:00:01","guid":{"rendered":"https:\/\/www.tigermotorsport.ch\/?page_id=694"},"modified":"2026-02-13T19:06:14","modified_gmt":"2026-02-13T17:06:14","slug":"werkstatthelfer","status":"publish","type":"page","link":"https:\/\/www.tigermotorsport.ch\/?page_id=694","title":{"rendered":"Werkstatthelfer"},"content":{"rendered":"\n<p><strong>Meine Frau<\/strong><\/p>\n\n\n\n<p>Nat\u00fcrlich steht meine Frau an meiner Seite und unterst\u00fctzt mich tatkr\u00e4ftig bei all unseren Projekten. \ud83d\udcaa<\/p>\n\n\n\n<figure class=\"wp-block-gallery has-nested-images columns-default is-cropped wp-block-gallery-1 is-layout-flex wp-block-gallery-is-layout-flex\">\n<figure class=\"wp-block-image size-large\"><img loading=\"lazy\" decoding=\"async\" width=\"1024\" height=\"576\" data-id=\"695\" src=\"https:\/\/www.tigermotorsport.ch\/wp-content\/uploads\/2026\/02\/20250310_192853-1024x576.jpg\" alt=\"\" class=\"wp-image-695\" srcset=\"https:\/\/www.tigermotorsport.ch\/wp-content\/uploads\/2026\/02\/20250310_192853-1024x576.jpg 1024w, https:\/\/www.tigermotorsport.ch\/wp-content\/uploads\/2026\/02\/20250310_192853-300x169.jpg 300w, https:\/\/www.tigermotorsport.ch\/wp-content\/uploads\/2026\/02\/20250310_192853-768x432.jpg 768w, https:\/\/www.tigermotorsport.ch\/wp-content\/uploads\/2026\/02\/20250310_192853-1536x864.jpg 1536w, https:\/\/www.tigermotorsport.ch\/wp-content\/uploads\/2026\/02\/20250310_192853-2048x1152.jpg 2048w\" sizes=\"auto, (max-width: 767px) 89vw, (max-width: 1000px) 54vw, (max-width: 1071px) 543px, 580px\" \/><\/figure>\n<\/figure>\n\n\n\n<figure class=\"wp-block-image size-large\"><img loading=\"lazy\" decoding=\"async\" width=\"1024\" height=\"576\" src=\"https:\/\/www.tigermotorsport.ch\/wp-content\/uploads\/2026\/02\/20241014_085815-1024x576.jpg\" alt=\"\" class=\"wp-image-696\" srcset=\"https:\/\/www.tigermotorsport.ch\/wp-content\/uploads\/2026\/02\/20241014_085815-1024x576.jpg 1024w, https:\/\/www.tigermotorsport.ch\/wp-content\/uploads\/2026\/02\/20241014_085815-300x169.jpg 300w, https:\/\/www.tigermotorsport.ch\/wp-content\/uploads\/2026\/02\/20241014_085815-768x432.jpg 768w, https:\/\/www.tigermotorsport.ch\/wp-content\/uploads\/2026\/02\/20241014_085815-1536x865.jpg 1536w, https:\/\/www.tigermotorsport.ch\/wp-content\/uploads\/2026\/02\/20241014_085815-2048x1153.jpg 2048w\" sizes=\"auto, (max-width: 767px) 89vw, (max-width: 1000px) 54vw, (max-width: 1071px) 543px, 580px\" \/><\/figure>\n\n\n\n<p>Egal wie \u201ecrazy\u201c meine Ideen sind \u2013 mit ihr kann ich \u00fcber alles reden und alles sachlich sowie aus einem anderen Blickwinkel analysieren. Auch wenn sie in Sachen Motoren und Fahrzeuge genauso ein Rad ab hat wie ich. \ud83d\ude42<\/p>\n\n\n\n<p><strong>Unsere Katzen<\/strong><\/p>\n\n\n\n<p>Nat\u00fcrlich schauen unsere Katzen hin und wieder nach dem Rechten in unserer Werkstatt. Vor allem unser Opa (BJ 2009) betrachtet immer alles sehr kritisch und ganz genau \u2013 und gibt nur zu gerne seinen Senf dazu.<\/p>\n\n\n\n<figure class=\"wp-block-image size-large\"><img loading=\"lazy\" decoding=\"async\" width=\"1024\" height=\"576\" src=\"https:\/\/www.tigermotorsport.ch\/wp-content\/uploads\/2026\/02\/20250515_180802-1024x576.jpg\" alt=\"\" class=\"wp-image-698\" srcset=\"https:\/\/www.tigermotorsport.ch\/wp-content\/uploads\/2026\/02\/20250515_180802-1024x576.jpg 1024w, https:\/\/www.tigermotorsport.ch\/wp-content\/uploads\/2026\/02\/20250515_180802-300x169.jpg 300w, https:\/\/www.tigermotorsport.ch\/wp-content\/uploads\/2026\/02\/20250515_180802-768x432.jpg 768w, https:\/\/www.tigermotorsport.ch\/wp-content\/uploads\/2026\/02\/20250515_180802-1536x865.jpg 1536w, https:\/\/www.tigermotorsport.ch\/wp-content\/uploads\/2026\/02\/20250515_180802-2048x1153.jpg 2048w\" sizes=\"auto, (max-width: 767px) 89vw, (max-width: 1000px) 54vw, (max-width: 1071px) 543px, 580px\" \/><figcaption class=\"wp-element-caption\">Wieder nicht aufger\u00e4umt hier<\/figcaption><\/figure>\n\n\n\n<figure class=\"wp-block-image size-large\"><img loading=\"lazy\" decoding=\"async\" width=\"1024\" height=\"577\" src=\"https:\/\/www.tigermotorsport.ch\/wp-content\/uploads\/2026\/02\/20250614_170319-1024x577.jpg\" alt=\"\" class=\"wp-image-699\" srcset=\"https:\/\/www.tigermotorsport.ch\/wp-content\/uploads\/2026\/02\/20250614_170319-1024x577.jpg 1024w, https:\/\/www.tigermotorsport.ch\/wp-content\/uploads\/2026\/02\/20250614_170319-300x169.jpg 300w, https:\/\/www.tigermotorsport.ch\/wp-content\/uploads\/2026\/02\/20250614_170319-768x432.jpg 768w, https:\/\/www.tigermotorsport.ch\/wp-content\/uploads\/2026\/02\/20250614_170319-1536x865.jpg 1536w, https:\/\/www.tigermotorsport.ch\/wp-content\/uploads\/2026\/02\/20250614_170319.jpg 1680w\" sizes=\"auto, (max-width: 767px) 89vw, (max-width: 1000px) 54vw, (max-width: 1071px) 543px, 580px\" \/><figcaption class=\"wp-element-caption\">Hat alles keinen Sinn mehr, mach das alleine.<\/figcaption><\/figure>\n\n\n\n<p><\/p>\n","protected":false},"excerpt":{"rendered":"<p>Meine Frau Nat\u00fcrlich steht meine Frau an meiner Seite und unterst\u00fctzt mich tatkr\u00e4ftig bei all unseren Projekten. \ud83d\udcaa Egal wie \u201ecrazy\u201c meine Ideen sind \u2013 mit ihr kann ich \u00fcber alles reden und alles sachlich sowie aus einem anderen Blickwinkel analysieren. Auch wenn sie in Sachen Motoren und Fahrzeuge genauso ein Rad ab hat wie &hellip; <\/p>\n<p class=\"link-more\"><a href=\"https:\/\/www.tigermotorsport.ch\/?page_id=694\" class=\"more-link\"><span class=\"screen-reader-text\">&#171;Werkstatthelfer&#187;<\/span> weiterlesen<\/a><\/p>\n","protected":false},"author":2,"featured_media":0,"parent":0,"menu_order":0,"comment_status":"closed","ping_status":"closed","template":"","meta":{"footnotes":""},"class_list":["post-694","page","type-page","status-publish","hentry"],"_links":{"self":[{"href":"https:\/\/www.tigermotorsport.ch\/index.php?rest_route=\/wp\/v2\/pages\/694","targetHints":{"allow":["GET"]}}],"collection":[{"href":"https:\/\/www.tigermotorsport.ch\/index.php?rest_route=\/wp\/v2\/pages"}],"about":[{"href":"https:\/\/www.tigermotorsport.ch\/index.php?rest_route=\/wp\/v2\/types\/page"}],"author":[{"embeddable":true,"href":"https:\/\/www.tigermotorsport.ch\/index.php?rest_route=\/wp\/v2\/users\/2"}],"replies":[{"embeddable":true,"href":"https:\/\/www.tigermotorsport.ch\/index.php?rest_route=%2Fwp%2Fv2%2Fcomments&post=694"}],"version-history":[{"count":10,"href":"https:\/\/www.tigermotorsport.ch\/index.php?rest_route=\/wp\/v2\/pages\/694\/revisions"}],"predecessor-version":[{"id":772,"href":"https:\/\/www.tigermotorsport.ch\/index.php?rest_route=\/wp\/v2\/pages\/694\/revisions\/772"}],"wp:attachment":[{"href":"https:\/\/www.tigermotorsport.ch\/index.php?rest_route=%2Fwp%2Fv2%2Fmedia&parent=694"}],"curies":[{"name":"wp","href":"https:\/\/api.w.org\/{rel}","templated":true}]}}