{"id":80,"date":"2019-09-25T10:31:59","date_gmt":"2019-09-25T08:31:59","guid":{"rendered":"https:\/\/www.tigermotorsport.ch\/?page_id=80"},"modified":"2026-02-13T18:49:46","modified_gmt":"2026-02-13T16:49:46","slug":"schrauberhoehle","status":"publish","type":"page","link":"https:\/\/www.tigermotorsport.ch\/?page_id=80","title":{"rendered":"Schrauberh\u00f6hle"},"content":{"rendered":"\n<p>Bevor TIGER Motorsport \u00f6ffentlich gegr\u00fcndet wurde, hatten wir in D\u00e4rstetten eine kleine &#171;Halle&#187; in der 3 Fahrzeuge Platz hatten. Dort haben wir hobbym\u00e4ssig an unseren Fahrzeugen geschraubt.<\/p>\n\n\n\n<h2 class=\"wp-block-heading\">Start von TIGER Motorsport als Hobby &#8211; 2007<\/h2>\n\n\n\n<figure class=\"wp-block-image\"><img loading=\"lazy\" decoding=\"async\" width=\"1024\" height=\"768\" src=\"https:\/\/www.tigermotorsport.ch\/wp-content\/uploads\/2019\/09\/20140103_160655-1024x768.jpg\" alt=\"\" class=\"wp-image-84\" srcset=\"https:\/\/www.tigermotorsport.ch\/wp-content\/uploads\/2019\/09\/20140103_160655-1024x768.jpg 1024w, https:\/\/www.tigermotorsport.ch\/wp-content\/uploads\/2019\/09\/20140103_160655-300x225.jpg 300w, https:\/\/www.tigermotorsport.ch\/wp-content\/uploads\/2019\/09\/20140103_160655-768x576.jpg 768w\" sizes=\"auto, (max-width: 767px) 89vw, (max-width: 1000px) 54vw, (max-width: 1071px) 543px, 580px\" \/><figcaption class=\"wp-element-caption\">Anf\u00e4nge von TIGER Motorsport<\/figcaption><\/figure>\n\n\n\n<figure class=\"wp-block-image\"><img loading=\"lazy\" decoding=\"async\" width=\"1024\" height=\"768\" src=\"https:\/\/www.tigermotorsport.ch\/wp-content\/uploads\/2019\/09\/20131231_150458-1024x768.jpg\" alt=\"\" class=\"wp-image-87\" srcset=\"https:\/\/www.tigermotorsport.ch\/wp-content\/uploads\/2019\/09\/20131231_150458-1024x768.jpg 1024w, https:\/\/www.tigermotorsport.ch\/wp-content\/uploads\/2019\/09\/20131231_150458-300x225.jpg 300w, https:\/\/www.tigermotorsport.ch\/wp-content\/uploads\/2019\/09\/20131231_150458-768x576.jpg 768w\" sizes=\"auto, (max-width: 767px) 89vw, (max-width: 1000px) 54vw, (max-width: 1071px) 543px, 580px\" \/><figcaption class=\"wp-element-caption\">Kleine aber feine Werkbank<\/figcaption><\/figure>\n\n\n\n<h2 class=\"wp-block-heading\">Offizieler Start von TIGER Motorsport als Verein in Uetendorf &#8211; 2016<\/h2>\n\n\n\n<figure class=\"wp-block-image\"><img loading=\"lazy\" decoding=\"async\" width=\"1001\" height=\"751\" src=\"https:\/\/www.tigermotorsport.ch\/wp-content\/uploads\/2021\/10\/garage.png\" alt=\"\" class=\"wp-image-387\" srcset=\"https:\/\/www.tigermotorsport.ch\/wp-content\/uploads\/2021\/10\/garage.png 1001w, https:\/\/www.tigermotorsport.ch\/wp-content\/uploads\/2021\/10\/garage-300x225.png 300w, https:\/\/www.tigermotorsport.ch\/wp-content\/uploads\/2021\/10\/garage-768x576.png 768w\" sizes=\"auto, (max-width: 767px) 89vw, (max-width: 1000px) 54vw, (max-width: 1071px) 543px, 580px\" \/><figcaption class=\"wp-element-caption\">Gr\u00f6ssere Halle, mehr Platz, mehr Projekte<\/figcaption><\/figure>\n\n\n\n<h2 class=\"wp-block-heading\">Aufl\u00f6sung vom Verein &#8211; 2025<\/h2>\n\n\n\n<h2 class=\"wp-block-heading\">Zur\u00fcck zu den Wurzeln, eigene Werkstatt f\u00fcr die eigenen Projekte &#8211; 2025<\/h2>\n\n\n\n<figure class=\"wp-block-image size-large\"><img loading=\"lazy\" decoding=\"async\" width=\"1024\" height=\"577\" src=\"https:\/\/www.tigermotorsport.ch\/wp-content\/uploads\/2025\/06\/20250608_153703-1024x577.jpg\" alt=\"\" class=\"wp-image-548\" srcset=\"https:\/\/www.tigermotorsport.ch\/wp-content\/uploads\/2025\/06\/20250608_153703-1024x577.jpg 1024w, https:\/\/www.tigermotorsport.ch\/wp-content\/uploads\/2025\/06\/20250608_153703-300x169.jpg 300w, https:\/\/www.tigermotorsport.ch\/wp-content\/uploads\/2025\/06\/20250608_153703-768x432.jpg 768w, https:\/\/www.tigermotorsport.ch\/wp-content\/uploads\/2025\/06\/20250608_153703-1536x865.jpg 1536w, https:\/\/www.tigermotorsport.ch\/wp-content\/uploads\/2025\/06\/20250608_153703-2048x1153.jpg 2048w\" sizes=\"auto, (max-width: 767px) 89vw, (max-width: 1000px) 54vw, (max-width: 1071px) 543px, 580px\" \/><\/figure>\n","protected":false},"excerpt":{"rendered":"<p>Bevor TIGER Motorsport \u00f6ffentlich gegr\u00fcndet wurde, hatten wir in D\u00e4rstetten eine kleine &#171;Halle&#187; in der 3 Fahrzeuge Platz hatten. Dort haben wir hobbym\u00e4ssig an unseren Fahrzeugen geschraubt. Start von TIGER Motorsport als Hobby &#8211; 2007 Offizieler Start von TIGER Motorsport als Verein in Uetendorf &#8211; 2016 Aufl\u00f6sung vom Verein &#8211; 2025 Zur\u00fcck zu den Wurzeln, &hellip; <\/p>\n<p class=\"link-more\"><a href=\"https:\/\/www.tigermotorsport.ch\/?page_id=80\" class=\"more-link\"><span class=\"screen-reader-text\">&#171;Schrauberh\u00f6hle&#187;<\/span> weiterlesen<\/a><\/p>\n","protected":false},"author":2,"featured_media":0,"parent":0,"menu_order":0,"comment_status":"closed","ping_status":"closed","template":"","meta":{"footnotes":""},"class_list":["post-80","page","type-page","status-publish","hentry"],"_links":{"self":[{"href":"https:\/\/www.tigermotorsport.ch\/index.php?rest_route=\/wp\/v2\/pages\/80","targetHints":{"allow":["GET"]}}],"collection":[{"href":"https:\/\/www.tigermotorsport.ch\/index.php?rest_route=\/wp\/v2\/pages"}],"about":[{"href":"https:\/\/www.tigermotorsport.ch\/index.php?rest_route=\/wp\/v2\/types\/page"}],"author":[{"embeddable":true,"href":"https:\/\/www.tigermotorsport.ch\/index.php?rest_route=\/wp\/v2\/users\/2"}],"replies":[{"embeddable":true,"href":"https:\/\/www.tigermotorsport.ch\/index.php?rest_route=%2Fwp%2Fv2%2Fcomments&post=80"}],"version-history":[{"count":22,"href":"https:\/\/www.tigermotorsport.ch\/index.php?rest_route=\/wp\/v2\/pages\/80\/revisions"}],"predecessor-version":[{"id":748,"href":"https:\/\/www.tigermotorsport.ch\/index.php?rest_route=\/wp\/v2\/pages\/80\/revisions\/748"}],"wp:attachment":[{"href":"https:\/\/www.tigermotorsport.ch\/index.php?rest_route=%2Fwp%2Fv2%2Fmedia&parent=80"}],"curies":[{"name":"wp","href":"https:\/\/api.w.org\/{rel}","templated":true}]}}